 is the remainder when 489 is divided by 49?
48
Calculate the remainder when 418 is divided by 149.
120
What is the remainder when 1749 is divided by 852?
45
What is the remainder when 131 is divided by 38?
17
Calculate the remainder when 426 is divided by 11.
8
Calculate the remainder when 511 is divided by 110.
71
What is the remainder when 231 is divided by 53?
19
Calculate the remainder when 1476 is divided by 181.
28
What is the remainder when 1041 is divided by 18?
15
What is the remainder when 205 is divided by 30?
25
What is the remainder when 446 is divided by 180?
86
What is the remainder when 247 is divided by 15?
7
What is the remainder when 36 is divided by 3?
0
What is the remainder when 142 is divided by 92?
50
Calculate the remainder when 3469 is divided by 39.
37
What is the remainder when 125 is divided by 18?
17
Calculate the remainder when 18 is divided by 7.
4
Calculate the remainder when 251 is divided by 36.
35
Calculate the remainder when 51 is divided by 10.
1
Calculate the remainder when 491 is divided by 67.
22
What is the remainder when 247 is divided by 80?
7
Calculate the remainder when 268 is divided by 79.
31
Calculate the remainder when 49 is divided by 25.
24
Calculate the remainder when 32897 is divided by 25.
22
Calculate the remainder when 66 is divided by 48.
18
Calculate the remainder when 89 is divided by 13.
11
Calculate the remainder when 3383 is divided by 141.
140
What is the remainder when 790 is divided by 258?
16
Calculate the remainder when 76 is divided by 67.
9
Calculate the remainder when 243 is divided by 70.
33
Calculate the remainder when 66 is divided by 8.
2
Calculate the remainder when 5547 is divided by 80.
27
What is the remainder when 1010 is divided by 44?
42
What is the remainder when 741 is divided by 714?
27
What is the remainder when 2234 is divided by 731?
41
Calculate the remainder when 211 is divided by 101.
9
What is the remainder when 3635 is divided by 35?
30
Calculate the remainder when 403 is divided by 58.
55
What is the remainder when 793 is divided by 337?
119
Calculate the remainder when 121 is divided by 54.
13
What is the remainder when 1452 is divided by 147?
129
Calculate the remainder when 233 is divided by 119.
114
Calculate the remainder when 288 is divided by 97.
94
What is the remainder when 175 is divided by 64?
47
What is the remainder when 13425 is divided by 121?
115
Calculate the remainder when 458 is divided by 22.
18
What is the remainder when 150 is divided by 14?
10
Calculate the remainder when 6 is divided by 3.
0
Calculate the remainder when 808 is divided by 38.
10
What is the remainder when 2599 is divided by 137?
133
Calculate the remainder when 236 is divided by 10.
6
What is the remainder when 580 is divided by 174?
58
What is the remainder when 164 is divided by 105?
59
What is the remainder when 839 is divided by 56?
55
What is the remainder when 117 is divided by 39?
0
What is the remainder when 251 is divided by 57?
23
What is the remainder when 233 is divided by 79?
75
What is the remainder when 44 is divided by 15?
14
Calculate the remainder when 2210 is divided by 18.
14
Calculate the remainder when 823 is divided by 823.
0
Calculate the remainder when 143 is divided by 6.
5
What is the remainder when 672 is divided by 120?
72
Calculate the remainder when 555 is divided by 18.
15
What is the remainder when 54 is divided by 30?
24
What is the remainder when 136 is divided by 76?
60
What is the remainder when 948 is divided by 23?
5
What is the remainder when 197 is divided by 36?
17
What is the remainder when 200 is divided by 58?
26
Calculate the remainder when 262 is divided by 130.
2
Calculate the remainder when 355 is divided by 69.
10
Calculate the remainder when 305 is divided by 49.
11
What is the remainder when 116 is divided by 61?
55
What is the remainder when 5 is divided by 2?
1
What is the remainder when 187 is divided by 33?
22
Calculate the remainder when 632 is divided by 67.
29
Calculate the remainder when 2540 is divided by 63.
20
What is the remainder when 130 is divided by 78?
52
What is the remainder when 535 is divided by 41?
2
What is the remainder when 117 is divided by 52?
13
What is the remainder when 339 is divided by 189?
150
What is the remainder when 269 is divided by 171?
98
What is the remainder when 700 is divided by 21?
7
Calculate the remainder when 189 is divided by 24.
21
What is the remainder when 23 is divided by 5?
3
What is the remainder when 307 is divided by 31?
28
Calculate the remainder when 84 is divided by 43.
41
What is the remainder when 1171 is divided by 85?
66
Calculate the remainder when 416 is divided by 3.
2
Calculate the remainder when 713 is divided by 51.
50
Calculate the remainder when 1414 is divided by 202.
0
Calculate the remainder when 65 is divided by 10.
5
What is the remainder when 5341 is divided by 33?
28
What is the remainder when 626 is divided by 79?
73
What is the remainder when 16871 is divided by 27?
23
Calculate the remainder when 214 is divided by 214.
0
Calculate the remainder when 1453 is divided by 296.
269
Calculate the remainder when 55 is divided by 29.
26
Calculate the remainder when 620 is divided by 68.
8
What is the remainder when 717 is divided by 185?
162
What is the remainder when 3215 is divided by 115?
110
Calculate the remainder when 469 is divided by 96.
85
Calculate the remainder when 228 is divided by 23.
21
Calculate the remainder when 199 is divided by 9.
1
Calculate the remainder when 245 is divided by 6.
5
What is the remainder when 49 is divided by 13?
10
What is the remainder when 905 is divided by 150?
5
Calculate the remainder when 386 is divided by 63.
8
Calculate the remainder when 148 is divided by 25.
23
Calculate the remainder when 92 is divided by 18.
2
What is the remainder when 629 is divided by 30?
29
Calculate the remainder when 862 is divided by 44.
26
Calculate the remainder when 147 is divided by 37.
36
What is the remainder when 237 is divided by 38?
9
What is the remainder when 1381 is divided by 13?
3
Calculate the remainder when 952 is divided by 36.
16
Calculate the remainder when 6646 is divided by 35.
31
What is the remainder when 73 is divided by 20?
13
Calculate the remainder when 3505 is divided by 9.
4
What is the remainder when 16127 is divided by 36?
35
Calculate the remainder when 197 is divided by 18.
17
What is the remainder when 304 is divided by 20?
4
Calculate the remainder when 220 is divided by 40.
20
Calculate the remainder when 5704 is divided by 2841.
22
Calculate the remainder when 2639 is divided by 33.
32
What is the remainder when 5381 is divided by 489?
2
What is the remainder when 2920 is divided by 2908?
12
Calculate the remainder when 270 is divided by 90.
0
Calculate the remainder when 510 is divided by 55.
15
What is the remainder when 2204 is divided by 45?
44
Calculate the remainder when 853 is divided by 94.
7
What is the remainder when 279 is divided by 95?
89
Calculate the remainder when 2458 is divided by 107.
104
What is the remainder when 2927 is divided by 267?
257
What is the remainder when 177 is divided by 62?
53
What is the remainder when 177 is divided by 46?
39
Calculate the remainder when 1821 is divided by 1821.
0
Calculate the remainder when 478 is divided by 80.
78
Calculate the remainder when 770 is divided by 12.
2
What is the remainder when 534 is divided by 108?
102
What is the remainder when 579 is divided by 56?
19
Calculate the remainder when 208 is divided by 39.
13
What is the remainder when 298 is divided by 29?
8
Calculate the remainder when 356 is divided by 94.
74
What is the remainder when 106 is divided by 44?
18
Calculate the remainder when 900 is divided by 21.
18
Calculate the remainder when 339 is divided by 18.
15
What is the remainder when 177 is divided by 36?
33
Calculate the remainder when 1194 is divided by 34.
4
What is the remainder when 4387 is divided by 80?
67
What is the remainder when 438 is divided by 157?
124
Calculate the remainder when 9 is divided by 8.
1
What is the remainder when 1710 is divided by 4?
2
What is the remainder when 214 is divided by 48?
22
What is the remainder when 1047 is divided by 208?
7
What is the remainder 